0, what is -1098123 - 6?
-1098129
In base 8, what is -257327 - -420?
-256707
In base 15, what is 1d1c - -83?
1da0
In base 6, what is -4444205441 + 4?
-4444205433
In base 8, what is -16060 - 10241?
-26321
In base 8, what is 2 + -476325246?
-476325244
In base 8, what is -64467334 - 1?
-64467335
In base 8, what is 23302 + 76100?
121402
In base 3, what is -1111 + -2211010100101?
-2211010101212
In base 13, what is b4 - -2a8464?
2a8548
In base 15, what is 7a3d - 6750?
12dd
In base 6, what is -313 + -20520201?
-20520514
In base 7, what is 22 + 631006122?
631006144
In base 3, what is -10200 - 1200110122?
-1200121022
In base 4, what is -2303 + -230202201?
-230211110
In base 12, what is 53b + -25588?
-25049
In base 3, what is -11110 + -222110201?
-222122011
In base 12, what is 23857ba + -6?
23857b4
In base 14, what is -c + 314227d?
3142271
In base 13, what is 102516 + -14?
102502
In base 3, what is 1222121112100210 + -10?
1222121112100200
In base 13, what is ab4517 + 91?
ab45a8
In base 16, what is -2 - -2619546?
2619544
In base 3, what is 122120202110 + -1012202?
122112112201
In base 6, what is -100414323542 + 5?
-100414323533
In base 2, what is 10 + -100101010110001000100111010?
-100101010110001000100111000
In base 10, what is 7228 + 2627?
9855
In base 7, what is 20304 + 2022024?
2042331
In base 7, what is 120333 - 1236?
116064
In base 8, what is -61 + -21445152?
-21445233
In base 14, what is -25dc95 + b5?
-25dbc0
In base 2, what is -110100110111 - -101001001000?
-1011101111
In base 7, what is 315630 + 32?
315662
In base 11, what is 14415 - 1a1?
14224
In base 12, what is 83323b1 - 3?
83323aa
In base 10, what is -6048418 + -2?
-6048420
In base 3, what is 10 - 111010202110212?
-111010202110202
In base 6, what is 5 - -522525335?
522525344
In base 9, what is -5 - 250754125?
-250754131
In base 6, what is 2512041132 + 5?
2512041141
In base 3, what is -1002 + -2200112102120001?
-2200112102121010
In base 13, what is 1008423 - 5?
100841b
In base 6, what is -22004 + -20412?
-42420
In base 14, what is -1d574680 - 5?
-1d574685
In base 15, what is -69 + be09?
bd90
In base 12, what is -55 + 20728b?
207236
In base 8, what is -7 - -46217523?
46217514
In base 8, what is 65027 - 107012?
-21763
In base 15, what is -17 - 16cb5?
-16ccc
In base 8, what is -35476006 + 10?
-35475776
In base 13, what is 33 - aa45c7?
-aa4594
In base 5, what is -43 - -214012020?
214011422
In base 11, what is -891271 + 5?
-891267
In base 15, what is 7294dd - -3?
7294e1
In base 16, what is 171 - -e7c66?
e7dd7
In base 14, what is 29dd9dc - 6?
29dd9d6
In base 5, what is -12203324004 - 10?
-12203324014
In base 13, what is 299a8 + 18?
299c3
In base 13, what is 22c + ba4?
1103
In base 4, what is 202320100232 + 322?
202320101220
In base 10, what is 0 + 159418449?
159418449
In base 4, what is 321231 - 200303?
120322
In base 7, what is -1 - 1141443333?
-1141443334
In base 3, what is 121102121001 + 10010?
121102201011
In base 15, what is b13422 + -7?
b1341a
In base 6, what is -4545051534 - -1?
-4545051533
In base 7, what is 55 + 2416564?
2416652
In base 11, what is 39 - -97853a?
978578
In base 6, what is -210420443 + 5?
-210420434
In base 13, what is -175a96 - -2cc?
-175797
In base 3, what is -211211121 - 101220?
-212020111
In base 5, what is 2 - 14332332?
-14332330
In base 16, what is bbb9cf - 5?
bbb9ca
In base 3, what is 21001200110102121202 - -11?
21001200110102121220
In base 13, what is -cb41 + a91?
-c080
In base 13, what is -12231a - 18?
-122335
In base 7, what is -36104 - 212?
-36316
In base 5, what is 131432031101 - 4?
131432031042
In base 8, what is 4314304 + -600?
4313504
In base 7, what is 226 + -6263224?
-6262665
In base 10, what is 6 - 22684821?
-22684815
In base 3, what is -10102000010 - 10110220?
-10112111000
In base 2, what is -1000101 - 1100100011001000010100?
-1100100011001001011001
In base 3, what is 20221210122212010 - -11?
20221210122212021
In base 6, what is -441512512 - 5?
-441512521
In base 5, what is -2 - 144243031?
-144243033
In base 14, what is 97479 + 72?
9750b
In base 5, what is -1423 - -30242223?
30240300
In base 15, what is 14 - 14ba8b?
-14ba77
In base 15, what is -10a7a5dd - -3?
-10a7a5da
In base 13, what is -3 + -5c2b601?
-5c2b604
In base 15, what is -31904a9 - -2?
-31904a7
In base 9, what is -313 - 132543?
-132856
In base 11, what is 41829 - -3a?
41868
In base 12, what is -46a + -14095?
-14543
In base 8, what is -3052 + 154657?
151605
In base 10, what is 313592917 - 5?
313592912
In base 9, what is 70813 - 27478?
42324
In base 8, what is 127 + -6551307?
-6551160
In base 5, what is -142 - -41112134?
41111442
In base 15, what is -4 - -1c3341d?
1c33419
In base 9, what is 661366 + -48?
661317
In base 2, what is 10100001101011111001110 - 0?
10100001101011111001110
In base 13, what is -14ccb9b + -5?
-14ccba3
In base 13, what is 5 - -19b4173?
19b4178
In base 5, what is 0 + -1142440333034?
-1142440333034
In base 2, what is 101110110 - -11101000001000001?
11101000110110111
In base 16, what is -11 + 6355d4?
6355c3
In base 12, what is 3 - 11174298?
-11174295
In base 2, what is 1011 - -110110001100101000011?
110110001100101001110
In base 14, what is bb - -97d5?
98b2
In base 6, what is 12504433 + -50?
12504343
In base 13, what is c1 - -a32c3?
a33b4
In base 11, what is 113632 + -70?
113572
In base 11, what is 197880331 - 4?
197880328
In base 4, what is -1301121122133 + -3?
-1301121122202
In base 2, what is -1 + -11100001011101010101?
-11100001011101010110
In base 5, what is 10121 - -2344312?
2404433
In base 10, what is 3 - -17591499?
17591502
In base 10, what is -1140554 - 3?
-1140557
In base 7, what is 3 - -55200526?
55200532
In base 4, what is 1 + 1203300232020?
1203300232021
In base 14, what is -3a9c + 375?
-3727
In base 5, what is -1 - -140013331?
140013330
In base 7, what is -1 - -140222404?
140222403
In base 2, what is 101 + 1000101001101111101101100?
1000101001101111101110001
In base 5, what is 4204024 + 234?
4204313
In base 12, what is -163345 - 110?
-163455
In base 6, what is -5302 - -241121?
231415
In base 9, what is 1077 + 34825?
36013
In base 7, what is -200000241 + 105?
-200000133
In base 11, what is 39aa3051 + -5?
39aa3047
In base 16, what is 1b8d4 + 232?
1bb06
In base 15, what is 1 - 1a0d3e9?
-1a0d3e8
In base 15, what is -2 - 6da576a?
-6da576c
In base 8, what is -4 - -3272362?
3272356
In base 4, what is 1222 + 211323103?
211330331
In base 12, what is 14b0a4 - 0?
14b0a4
In base 6, what is 2345224 + -114123?
2231101
In base 9, what is 123036 + 25?
123062
In base 8, what is 23535507 + 1?
23535510
In base 12, what is 2077 - -168b6?
18971
In base 6, what is -435 + -23112325?
-23113204
In base 14, what is -21c3ba - -819?
-21b9a1
In base 8, what is -7200602 - 4?
-7200606
In base 16, what is -2cdee + -1fe?
-2cfec
In base 13, what is 458 - -86a8?
8b33
In base 11, what is 254a9 - a5?
25404
In base 10, what is 4 - -213067045?
213067049
In base 5, what is 44212413320 - -1?
44212413321
In base 12, what is 93ba94 + -238?
93b858
In base 7, what is 22316521 + 6?
22316530
In base 9, what is -7765255 - -3?
-7765252
In base 16, what is 0 - fb74210?
-fb74210
In base 15, what is ad + 389915?
3899c3
In base 12, what is -28b5 - 28055?
-2a94a
In base 7, what is 5055 - 116?
4636
In base 14, what is -40 - -6682c?
667cc
In base 14, what is 13 - -d16b18?
d16b2b
In base 16, what is -118562c - 4?
-1185630
In base 13, what is 3796 + 3091?
6857
In base 8, what is 23136360 + -5?
23136353
In base 12, what is -338 + -b9b2?
-1012a
In base 11, what is 32 + 11997914?
11997946
In base 13, what is -19 + -6855a?
-68576
In base 9, what is -3 + 28351440?
28351436
In base 13, what is 332 - -4c2b?
5260
In base 10, what is -30349537 + 18?
-30349519
In base 5, what is -10330101 + -104334?
-10434440
In base 12, what is -14608 - -2864?
-11964
In base 6, what is -2223502 - -2300?
-2221202
In base 8, what is 2 - -1423703?
1423705
In base 15, what is -6beea16 - -2?
-6beea14
In base 16, what is 74 - 46d00?
-46c8c
In base 6, what is -2331512 - -5410?
-2322102
In base 6, what is 1333 + -444255?
-442522
In base 9, what is 4 + -7703768?
-7703764
In base 11, what is -8 - 8aa1a4?
-8aa201
In base 14, what is -bb - -117b73?
117a96
In base 9, what is 413 - -27527?
28041
In base 5, what is 2 - 1043431322102?
-1043431322100
In base